s divided by 31.
25
Suppose 12*f + 5*s = 16*f - 348, 87 = f - 4*s. What is the remainder when f is divided by 44?
43
Let f(a) = a**3 - a**2 + 2. Let x be f(0). Suppose 0*b - 3*b = -2*l, -2*l + 20 = x*b. What is the remainder when 21 is divided by l?
3
Suppose 3*z + 0*z - 2*q = 142, -4*z = q - 193. What is the remainder when 56 is divided by z?
8
Calculate the remainder when (-20*4/6)/((-19)/171) is divided by 61.
59
Let f(l) = 3*l**3 - l**2 - 2*l + 4. Suppose 8*y - 6*y = 4. What is the remainder when 70 is divided by f(y)?
10
Let d = 14 - 1. Let c be (-5 + d)*2/4. Calculate the remainder when 20 is divided by (-3)/12 + 29/c.
6
Suppose 4*c - 37 = -9. What is the remainder when 47 is divided by c?
5
Suppose 4*o - 8*o = -292. Let n = 159 - 134. What is the remainder when o is divided by n?
23
Let b(j) = 4*j**2 + 7*j + 9. Suppose -3*t + 4*v - 28 = 0, 5*v = -2 + 22. Let d = -9 + 21. What is the remainder when b(t) is divided by d?
9
Suppose 0 = 4*k - 331 - 617. Suppose 0 = 4*w + 5*c - k, -3*w - 4*c + 243 = 64. Calculate the remainder when w is divided by 18.
17
Let a = 6 - 6. Calculate the remainder when 30 is divided by (-16 - (a - 0))/(6 + -7).
14
Let y(a) = 2*a**3 + 17*a**2 + 4*a - 4. Let q be (-12)/(-9)*-1*6. What is the remainder when y(q) is divided by 17?
11
Suppose 0 = 4*o + 4, -16 + 3 = -2*v + 3*o. Suppose -v*l + 105 = 3*j, -j - 21 = -l - 0*j. What is the remainder when (-5 - 1 - 110/22) + 92 is divided by l?
18
Suppose -2*s - 5*k + 2*k + 35 = 0, 0 = -s + 2*k + 21. What is the remainder when -6*111/18*-2 is divided by s?
17
Let d be (-2)/(-7) - (-246)/21. Suppose 7*m - d*m + 175 = 0. Calculate the remainder when m is divided by 9.
8
Let t = 88 + -52. Suppose 7*g - t = -281. Let d = 58 + g. What is the remainder when d is divided by 12?
11
Suppose -27*k - 3016 = -56*k. Calculate the remainder when 933 is divided by k.
101
Let a(d) = -d**3 - 6*d**2 - 9*d - 40. What is the remainder when 320 is divided by a(-6)?
12
Suppose 0 = -17*z + 20*z - 231. What is the remainder when z is divided by 22?
11
Let l(d) = -d**3 + 2*d**2 - 4*d + 30. Calculate the remainder when 87 is divided by l(0).
27
Let m be (8/(-5))/((-9)/225). Suppose -35*v + m*v = 75. Calculate the remainder when 207 is divided by v.
12
Suppose 0 = -14*f + 21*f - 707. Calculate the remainder when f is divided by 8.
5
Suppose -5*c - q = -3, -2*q + 7 = 3*c + 1. Suppose 5*l - 4*t - 121 = -c*t, -l + 5 = 4*t. What is the remainder when 81 is divided by l?
18
What is the remainder when (-261)/174 + (2346/4 - 1) is divided by 42?
38
Suppose 56 = 4*u - 28. Let a(z) = z**3 - 5*z**2 + 3*z - 4. What is the remainder when u is divided by a(5)?
10
Let m = -3 + 24. Suppose b = -0*b + m. What is the remainder when b is divided by 13?
8
Let i(d) = -d**3 + d**2 + 7. Let n be i(0). Suppose -33 = -n*h + 37. What is the remainder when 3*(-21)/(-36)*16 is divided by h?
8
Suppose -3*q + 5*n = -q - 34, 0 = -3*q + 5*n + 46. Let i = 35 - 28. Calculate the remainder when q is divided by i.
5
Let a(g) = 21*g - 142. Calculate the remainder when 181 is divided by a(9).
40
Let c(i) = -i**2 - 2*i + 15. Let u be (3/(-2))/(6/(-36)). Let g = u + 33. What is the remainder when g is divided by c(0)?
12
Suppose -165 = -5*a - 5*x + x, -a = -5*x - 4. Suppose -a*r = -27*r - 16. Calculate the remainder when 11 is divided by r.
3
Suppose -423 = -2*j - 15*x + 10*x, -j = 5*x - 214. What is the remainder when j is divided by 31?
23
Let i = -8 + 1. Let x(y) = 135*y**2 + 131*y**2 + 6*y - 265*y**2 + 8. Calculate the remainder when 26 is divided by x(i).
11
Let h be (45/12)/(3/(-8)). Let q(n) = -n - 5. Let a be q(h). Suppose 4*w - 3*f = 201, a*w - 2*f + 32 = 278. Calculate the remainder when w is divided by 17.
14
Calculate the remainder when 392 is divided by 36/78 + (-2830)/(-65).
40
Let g(h) = h**3 + 13*h**2 + 20*h - 5. Let j be g(-11). Let c = 43 - j. Calculate the remainder when c is divided by 7.
5
Let h(j) = j**3 + 17*j**2 + 26*j + 95. Calculate the remainder when h(-9) is divided by 17.
16
Let a be (3 - 0) + 0/5. Suppose -14*x + 154 = -a*x. What is the remainder when 55 is divided by x?
13
Let f(w) = 8*w**2 - w + 2. Let g be f(3). Suppose 0 = s - 4*d - 13, -s = 3*s + 3*d - g. What is the remainder when 50 is divided by s?
16
Suppose -12*x + 3045 = 225. Calculate the remainder when x is divided by 75.
10
Suppose 6*a = -28 + 4. Let o(q) be the first derivative of q**3/3 + q - 3. What is the remainder when 33 is divided by o(a)?
16
What is the remainder when (-8 - (-275)/10) + (-1)/2 is divided by 8?
3
Let m = 22 + -14. Let k = 88 + -61. Let i = k - 24. Calculate the remainder when m is divided by i.
2
Suppose 15776 = 120*m - 104*m. Calculate the remainder when m is divided by 66.
62
Let h(y) = -y**2 - 21*y + 13. Let z be h(-19). Suppose 0 = 48*b - z*b + 153. Calculate the remainder when b is divided by 18.
15
Suppose -4*l - 10 = -6*l. Suppose -q = -3*t - 13, 3*q + t + 31 = l*q. Calculate the remainder when 28 is divided by q.
12
Let m(q) = q**3 - 10*q**2 + 10*q + 8. Let l be 1/(3*(-4)/(-612)). Suppose -u + 14 = -l. What is the remainder when u is divided by m(9)?
14
Suppose 0 = -q - 6 + 4. Let j(f) = -3*f + 2. Let l(m) = 3*m - 2. Let b(o) = q*l(o) - 3*j(o). Calculate the remainder when b(6) is divided by 9.
7
Suppose -3*y = y - 68. Let o = y + -6. What is the remainder when ((-602)/(-21))/(-3 - (-33)/9) is divided by o?
10
Suppose -5*x = 4*i - 110, 0*x + 5*x = -3*i + 110. Let o = -101 + 168. Calculate the remainder when o is divided by (-1 + 2 + x)*1.
21
Let u(j) = j**3 + 9*j**2 + 5*j + 5. Let t(q) = -q**2 - q - 6. Let x be t(0). What is the remainder when u(x) is divided by 29?
25
Suppose -6*k + 2*k = -2*a - 78, 98 = 4*k + 2*a. Let d be 16/(-24) + (-988)/(-6). Suppose 0 = -s - 3*s + d. Calculate the remainder when s is divided by k.
19
Let d(y) = -4*y + 471. What is the remainder when d(63) is divided by 46?
35
Let m(n) = -16*n**2 + 25 - 2*n**3 - n + 3*n**3 - 5*n**2. Calculate the remainder when -7*(-3)/3*3 is divided by m(21).
1
Suppose -3*m = g + 7, m - 6 = 6*m - 4*g. Let c(q) = -18*q. What is the remainder when c(m) is divided by 13?
10
Let t(f) = -5*f - 30. Calculate the remainder when ((-69)/(-2))/((-3)/(-2) - 1) is divided by t(-10).
9
Let y be (2 + -4)/((-3)/6). Let r = 149 + -105. Suppose 5*p - 46 = z - 3*z, y*z - 2*p = r. Calculate the remainder when 38 is divided by z.
12
Suppose -12 - 29 = -4*r + z, z = 2*r - 23. What is the remainder when 23 is divided by r?
5
Let x(h) = h**3 - 4*h**2 - 6*h - 8. Let v(m) = 13*m**2 - 3*m + 1. Let c = 8 - 5. Calculate the remainder when v(c) is divided by x(6).
25
Let v = 78 + -31. Suppose 128 = t - 3*t. Let x = -40 - t. What is the remainder when v is divided by x?
23
Suppose -1210 = -6*o - 190. Suppose 3*f - o = f. What is the remainder when f is divided by 22?
19
Let i(g) = -g**2 - 10*g + 21. What is the remainder when 171 is divided by i(-5)?
33
Let w be 274/((3 - 3) + 2). Let t = w - 76. Let f = -31 + t. Calculate the remainder when f is divided by 8.
6
Suppose -2*n = -7*n - 4*z + 89, -2*n = -5*z - 62. Calculate the remainder when 1406 is divided by n.
20
Suppose 0 = 4*f - r - 120 + 2, 0 = -4*f - 2*r + 112. Let j = 13 - 7. What is the remainder when f is divided by ((-8)/j)/((-2)/24)?
13
Suppose 4*g = -2*n + 23 - 1, 42 = 4*g - 2*n. Let x = 19 - g. Calculate the remainder when 30 is divided by x.
8
Suppose 3*d - 30 + 0 = 0. Calculate the remainder when d is divided by 9.
1
Let f be ((-3 - -20) + -3)*-1. Let v(a) = a**3 + 14*a**2 + 2*a + 12. Let s be v(f). Calculate the remainder when 29 is divided by (s/(-3))/((-2)/(-6)).
13
Let j(z) = 25*z + 22. What is the remainder when 574 is divided by j(2)?
70
Suppose 6*x - 2 = 8*x, -k + 3*x = -84. What is the remainder when 164 is divided by k?
2
Let u(n) = -n + 10. Let j be u(7). Let b = 21 - j. Calculate the remainder when b is divided by 6.
0
Let r = -559 + 580. What is the remainder when 40 is divided by r?
19
Suppose -82*t = -26*t - 1008. Let n = -99 - -167. Calculate the remainder when n is divided by t.
14
Let y(u) = -10*u + 80. What is the remainder when 27 is divided by y(7)?
7
Let k = -38 - -29. Let h(u) = -u**3 - 9*u**2 - 4*u - 20. What is the remainder when 79 is divided by h(k)?
15
Suppose 20*g - 17*g = 441. Suppose -f + 